{"id":30,"date":"2023-05-20T10:27:43","date_gmt":"2023-05-20T10:27:43","guid":{"rendered":"https:\/\/maaster.de\/?page_id=30"},"modified":"2023-05-23T06:51:02","modified_gmt":"2023-05-23T06:51:02","slug":"oeffentliche-foerdermittel","status":"publish","type":"page","link":"https:\/\/maaster.de\/?page_id=30","title":{"rendered":"\u00d6ffentliche F\u00f6rdermittel"},"content":{"rendered":"\n<p>Es gibt eine Vielzahl von \u00f6ffentlichen F\u00f6rdermitteln, mit der Sie innovative Entwicklungen vorantreiben k\u00f6nnen. Hier finden Sie eine kleine Auswahl:<\/p>\n\n\n<div id=\"pl-gb30-6a03ae96a9f65\"  class=\"panel-layout\" ><div id=\"pg-gb30-6a03ae96a9f65-0\"  class=\"panel-grid panel-has-style\" ><div style=\"padding: 20px 0; \" data-overlay=\"true\" data-overlay-color=\"#000000\" class=\"panel-row-style panel-row-style-for-gb30-6a03ae96a9f65-0\" ><div id=\"pgc-gb30-6a03ae96a9f65-0-0\"  class=\"panel-grid-cell\" ><div id=\"panel-gb30-6a03ae96a9f65-0-0-0\" class=\"so-panel widget widget_sow-button panel-first-child panel-last-child\" data-index=\"0\" ><div style=\"text-align: left;\" data-title-color=\"#443f3f\" data-headings-color=\"#443f3f\" class=\"panel-widget-style panel-widget-style-for-gb30-6a03ae96a9f65-0-0-0\" ><div\n\t\t\t\n\t\t\tclass=\"so-widget-sow-button so-widget-sow-button-flat-df5139d093e1-30\"\n\t\t\t\n\t\t><div class=\"ow-button-base ow-button-align-left\"\n>\n\t\t\t<a\n\t\t\t\t\thref=\"https:\/\/maaster.de\/?page_id=25\"\n\t\t\t\t\tclass=\"sowb-button ow-icon-placement-left ow-button-hover\" \t>\n\t\t<span>\n\t\t\t\n\t\t\tForschungszulage(ngesetz)\t\t<\/span>\n\t\t\t<\/a>\n\t<\/div>\n<\/div><\/div><\/div><\/div><\/div><\/div><div id=\"pg-gb30-6a03ae96a9f65-1\"  class=\"panel-grid panel-has-style\" ><div style=\"padding: 20px 0; \" data-overlay=\"true\" data-overlay-color=\"#000000\" class=\"panel-row-style panel-row-style-for-gb30-6a03ae96a9f65-1\" ><div id=\"pgc-gb30-6a03ae96a9f65-1-0\"  class=\"panel-grid-cell\" ><div id=\"panel-gb30-6a03ae96a9f65-1-0-0\" class=\"so-panel widget widget_sow-button panel-first-child panel-last-child\" data-index=\"1\" ><div style=\"text-align: left;\" data-title-color=\"#443f3f\" data-headings-color=\"#443f3f\" class=\"panel-widget-style panel-widget-style-for-gb30-6a03ae96a9f65-1-0-0\" ><div\n\t\t\t\n\t\t\tclass=\"so-widget-sow-button so-widget-sow-button-flat-df5139d093e1-30\"\n\t\t\t\n\t\t><div class=\"ow-button-base ow-button-align-left\"\n>\n\t\t\t<a\n\t\t\t\t\thref=\"https:\/\/maaster.de\/?page_id=31\"\n\t\t\t\t\tclass=\"sowb-button ow-icon-placement-left ow-button-hover\" \t>\n\t\t<span>\n\t\t\t\n\t\t\tZentrales Innovationsprogramm Mittelstand (ZIM)\t\t<\/span>\n\t\t\t<\/a>\n\t<\/div>\n<\/div><\/div><\/div><\/div><\/div><\/div><div id=\"pg-gb30-6a03ae96a9f65-2\"  class=\"panel-grid panel-has-style\" ><div style=\"padding: 20px 0; \" data-overlay=\"true\" data-overlay-color=\"#000000\" class=\"panel-row-style panel-row-style-for-gb30-6a03ae96a9f65-2\" ><div id=\"pgc-gb30-6a03ae96a9f65-2-0\"  class=\"panel-grid-cell\" ><div id=\"panel-gb30-6a03ae96a9f65-2-0-0\" class=\"so-panel widget widget_sow-button panel-first-child panel-last-child\" data-index=\"2\" ><div style=\"text-align: left;\" data-title-color=\"#443f3f\" data-headings-color=\"#443f3f\" class=\"panel-widget-style panel-widget-style-for-gb30-6a03ae96a9f65-2-0-0\" ><div\n\t\t\t\n\t\t\tclass=\"so-widget-sow-button so-widget-sow-button-flat-df5139d093e1-30\"\n\t\t\t\n\t\t><div class=\"ow-button-base ow-button-align-left\"\n>\n\t\t\t<a\n\t\t\t\t\thref=\"https:\/\/maaster.de\/?page_id=32\"\n\t\t\t\t\tclass=\"sowb-button ow-icon-placement-left ow-button-hover\" \t>\n\t\t<span>\n\t\t\t\n\t\t\tEurop\u00e4ische Fonds f\u00fcr regionale Entwicklung (EFRE.NRW)\t\t<\/span>\n\t\t\t<\/a>\n\t<\/div>\n<\/div><\/div><\/div><\/div><\/div><\/div><\/div>","protected":false},"excerpt":{"rendered":"<p>Es gibt eine Vielzahl von \u00f6ffentlichen F\u00f6rdermitteln, mit der Sie innovative Entwicklungen vorantreiben k\u00f6nnen. Hier finden Sie eine kleine Auswahl:<\/p>\n","protected":false},"author":1,"featured_media":0,"parent":0,"menu_order":0,"comment_status":"closed","ping_status":"closed","template":"","meta":{"footnotes":""},"class_list":["post-30","page","type-page","status-publish","hentry"],"_links":{"self":[{"href":"https:\/\/maaster.de\/index.php?rest_route=\/wp\/v2\/pages\/30","targetHints":{"allow":["GET"]}}],"collection":[{"href":"https:\/\/maaster.de\/index.php?rest_route=\/wp\/v2\/pages"}],"about":[{"href":"https:\/\/maaster.de\/index.php?rest_route=\/wp\/v2\/types\/page"}],"author":[{"embeddable":true,"href":"https:\/\/maaster.de\/index.php?rest_route=\/wp\/v2\/users\/1"}],"replies":[{"embeddable":true,"href":"https:\/\/maaster.de\/index.php?rest_route=%2Fwp%2Fv2%2Fcomments&post=30"}],"version-history":[{"count":7,"href":"https:\/\/maaster.de\/index.php?rest_route=\/wp\/v2\/pages\/30\/revisions"}],"predecessor-version":[{"id":196,"href":"https:\/\/maaster.de\/index.php?rest_route=\/wp\/v2\/pages\/30\/revisions\/196"}],"wp:attachment":[{"href":"https:\/\/maaster.de\/index.php?rest_route=%2Fwp%2Fv2%2Fmedia&parent=30"}],"curies":[{"name":"wp","href":"https:\/\/api.w.org\/{rel}","templated":true}]}}